{"id":234,"date":"2018-12-18T22:29:17","date_gmt":"2018-12-18T15:29:17","guid":{"rendered":"http:\/\/www.nhattamme.com\/?page_id=234"},"modified":"2020-04-17T14:44:38","modified_gmt":"2020-04-17T07:44:38","slug":"mitsubishi-electric","status":"publish","type":"page","link":"https:\/\/www.nhattamme.com\/?page_id=234","title":{"rendered":"Mitsubishi Electric"},"content":{"rendered":"<div id=\"pl-234\"  class=\"panel-layout\" ><div id=\"pg-234-0\"  class=\"panel-grid panel-no-style\" ><div id=\"pgc-234-0-0\"  class=\"panel-grid-cell\" ><div id=\"panel-234-0-0-0\" class=\"so-panel widget widget_sow-image panel-first-child panel-last-child\" data-index=\"0\" ><div class=\"so-widget-sow-image so-widget-sow-image-default-17bc2272b535-234\">\n\n<div class=\"sow-image-container\">\n\t\t<img src=\"https:\/\/www.nhattamme.com\/wp-content\/uploads\/2018\/12\/city-multi-1-1501152720509.png\" width=\"600\" height=\"382\" srcset=\"https:\/\/www.nhattamme.com\/wp-content\/uploads\/2018\/12\/city-multi-1-1501152720509.png 600w, https:\/\/www.nhattamme.com\/wp-content\/uploads\/2018\/12\/city-multi-1-1501152720509-300x191.png 300w\" sizes=\"(max-width: 600px) 100vw, 600px\" alt=\"\" loading=\"lazy\" \t\tclass=\"so-widget-image\"\/>\n\t<\/div>\n\n<\/div><\/div><\/div><\/div><div id=\"pg-234-1\"  class=\"panel-grid panel-no-style\" ><div id=\"pgc-234-1-0\"  class=\"panel-grid-cell\" ><div id=\"panel-234-1-0-0\" class=\"so-panel widget widget_sow-editor panel-first-child panel-last-child\" data-index=\"1\" ><div class=\"so-widget-sow-editor so-widget-sow-editor-base\"><h3 class=\"widget-title\">Gi\u1edbi thi\u1ec7u<\/h3>\n<div class=\"siteorigin-widget-tinymce textwidget\">\n\t<p><span style=\"font-size: 14pt;\">\u0110\u01b0\u1ee3c thi\u1ebft k\u1ebf v\u00e0 s\u1ea3n xu\u1ea5t theo nh\u1eefng ti\u00eau chu\u1ea9n kh\u1eaft khe nh\u1ea5t, d\u00f2ng s\u1ea3n ph\u1ea9m CITY MULTI VRF l\u00e0 m\u1ed9t trong nh\u1eefng h\u1ec7 th\u1ed1ng \u0111i\u1ec1u h\u00f2a kh\u00f4ng kh\u00ed hi\u1ec7n \u0111\u1ea1i &amp; b\u1ec1n b\u1ec9 nh\u1ea5t hi\u1ec7n nay. L\u1eafp \u0111\u1eb7t \u0111\u01a1n gi\u1ea3n v\u00e0 b\u1ea3o d\u01b0\u1ee1ng d\u1ec5 d\u00e0ng, CITY MULTI l\u00e0 gi\u1ea3i ph\u00e1p l\u00fd t\u01b0\u1edfng v\u00e0 \u0111\u00e1ng tin c\u1eady \u0111\u1ec3 \u0111\u1ea3m b\u1ea3o cho s\u1ef1 \u0111\u1ea7u t\u01b0.<\/span><\/p>\n<p><span style=\"font-size: 14pt;\">T\u1ea5t c\u1ea3 c\u00e1c m\u00e1y n\u00e9n c\u1ee7a h\u1ec7 th\u1ed1ng CITY MULTI VRF \u0111\u1ec1u l\u00e0 lo\u1ea1i \u0111i\u1ec1u khi\u1ec3n bi\u1ebfn t\u1ea7n gi\u00fap \u0111\u00e1p \u1ee9ng ch\u00ednh x\u00e1c nhu c\u1ea7u l\u00e0m l\u1ea1nh v\u00e0 s\u01b0\u1edfi \u1ea5m c\u1ee7a t\u00f2a nh\u00e0 \u0111\u1ed3ng th\u1eddi ti\u1ebft ki\u1ec7m \u0111i\u1ec7n n\u0103ng.<\/span><\/p>\n<p><span style=\"font-size: 14pt;\">V\u1edbi \u0111a d\u1ea1ng ch\u1ee7ng lo\u1ea1i d\u00e0n l\u1ea1nh v\u00e0 vi\u1ec7c k\u1ebft n\u1ed1i linh ho\u1ea1t v\u1edbi h\u1ec7 th\u1ed1ng \u1ed1ng m\u00f4i ch\u1ea5t, d\u00f2ng s\u1ea3n ph\u1ea9m CITY MULTI VRF c\u00f3 th\u1ec3 \u0111\u00e1p \u1ee9ng t\u1ea5t c\u1ea3 \u1ee9ng d\u1ee5ng. C\u00f3 th\u1ec3 k\u1ebft n\u1ed1i \u0111\u01b0\u1ee3c v\u1edbi s\u1ed1 l\u01b0\u1ee3ng l\u00ean \u0111\u1ebfn 50 d\u00e0n l\u1ea1nh (\u0111\u1ed1i v\u1edbi d\u00f2ng Y), t\u1ec9 s\u1ed1 k\u1ebft n\u1ed1i l\u00ean \u0111\u1ebfn 130% gi\u00fap t\u1ed1i \u0111a h\u00f3a l\u1ef1a ch\u1ecdn thi\u1ebft k\u1ebf c\u1ee7a c\u00e1c k\u1ef9 s\u01b0.<\/span><\/p>\n<p><span style=\"font-size: 14pt;\">H\u1ec7 th\u1ed1ng City Multi VRF s\u1eed d\u1ee5ng m\u00f4i ch\u1ea5t R410A l\u00e0 m\u1ed9t m\u00f4i ch\u1ea5t l\u00e0m l\u1ea1nh hi\u1ec7u qu\u1ea3 h\u01a1n v\u00ec n\u00f3 c\u00f3 nhi\u1ec7t dung ri\u00eang cao h\u01a1n so v\u1edbi R407C ho\u1eb7c R22. Kh\u1ea3 n\u0103ng truy\u1ec1n t\u1ea3i n\u0103ng l\u01b0\u1ee3ng cao h\u01a1n n\u00e0y cho ph\u00e9p s\u1eed d\u1ee5ng k\u00edch th\u01b0\u1edbc \u1ed1ng nh\u1ecf h\u01a1n, \u1ed1ng d\u1eabn d\u00e0i h\u01a1n v\u00e0 gi\u1ea3m l\u01b0\u1ee3ng m\u00f4i ch\u1ea5t l\u00e0m l\u1ea1nh trong h\u1ec7 th\u1ed1ng.<\/span><\/p>\n<\/div>\n<\/div><\/div><\/div><\/div><div id=\"pg-234-2\"  class=\"panel-grid panel-no-style\" ><div id=\"pgc-234-2-0\"  class=\"panel-grid-cell panel-grid-cell-empty\" ><\/div><div id=\"pgc-234-2-1\"  class=\"panel-grid-cell\" ><div id=\"panel-234-2-1-0\" class=\"so-panel widget widget_sow-button panel-first-child panel-last-child\" data-index=\"2\" ><div class=\"so-widget-sow-button so-widget-sow-button-atom-b4f6b6b19f96-234\"><div class=\"ow-button-base ow-button-align-center\">\n\t<a href=\"https:\/\/www.nhattamme.com\/?page_id=164\" class=\"ow-icon-placement-left ow-button-hover\" \t\t>\n\t\t<span>\n\t\t\t\n\t\t\tLi\u00ean h\u1ec7 \u0111\u1ec3 \u0111\u01b0\u1ee3c t\u01b0 v\u1ea5n\t\t<\/span>\n\t<\/a>\n<\/div>\n<\/div><\/div><\/div><\/div><\/div>","protected":false},"excerpt":{"rendered":"<p>\u0110\u01b0\u1ee3c thi\u1ebft k\u1ebf v\u00e0 s\u1ea3n xu\u1ea5t theo nh\u1eefng ti\u00eau chu\u1ea9n kh\u1eaft khe nh\u1ea5t, d\u00f2ng s\u1ea3n ph\u1ea9m CITY MULTI VRF l\u00e0 m\u1ed9t trong nh\u1eefng h\u1ec7 th\u1ed1ng \u0111i\u1ec1u h\u00f2a kh\u00f4ng kh\u00ed hi\u1ec7n \u0111\u1ea1i &amp; b\u1ec1n b\u1ec9 nh\u1ea5t hi\u1ec7n nay. L\u1eafp \u0111\u1eb7t \u0111\u01a1n gi\u1ea3n v\u00e0 b\u1ea3o d\u01b0\u1ee1ng d\u1ec5 d\u00e0ng, CITY MULTI l\u00e0 gi\u1ea3i ph\u00e1p l\u00fd t\u01b0\u1edfng v\u00e0 \u0111\u00e1ng [&hellip;]<\/p>\n","protected":false},"author":1,"featured_media":0,"parent":162,"menu_order":0,"comment_status":"closed","ping_status":"closed","template":"","meta":[],"yoast_head":"<!-- This site is optimized with the Yoast SEO plugin v18.5.1 - https:\/\/yoast.com\/wordpress\/plugins\/seo\/ -->\n<title>Mitsubishi Electric - C\u00d4NG TY TNHH C\u01a0 \u0110I\u00ca\u0323N LA\u0323NH NH\u00c2\u0301T T\u00c2M<\/title>\n<meta name=\"robots\" content=\"index, follow, max-snippet:-1, max-image-preview:large, max-video-preview:-1\" \/>\n<link rel=\"canonical\" href=\"https:\/\/www.nhattamme.com\/?page_id=234\" \/>\n<meta property=\"og:locale\" content=\"en_US\" \/>\n<meta property=\"og:type\" content=\"article\" \/>\n<meta property=\"og:title\" content=\"Mitsubishi Electric - C\u00d4NG TY TNHH C\u01a0 \u0110I\u00ca\u0323N LA\u0323NH NH\u00c2\u0301T T\u00c2M\" \/>\n<meta property=\"og:description\" content=\"\u0110\u01b0\u1ee3c thi\u1ebft k\u1ebf v\u00e0 s\u1ea3n xu\u1ea5t theo nh\u1eefng ti\u00eau chu\u1ea9n kh\u1eaft khe nh\u1ea5t, d\u00f2ng s\u1ea3n ph\u1ea9m CITY MULTI VRF l\u00e0 m\u1ed9t trong nh\u1eefng h\u1ec7 th\u1ed1ng \u0111i\u1ec1u h\u00f2a kh\u00f4ng kh\u00ed hi\u1ec7n \u0111\u1ea1i &amp; b\u1ec1n b\u1ec9 nh\u1ea5t hi\u1ec7n nay. L\u1eafp \u0111\u1eb7t \u0111\u01a1n gi\u1ea3n v\u00e0 b\u1ea3o d\u01b0\u1ee1ng d\u1ec5 d\u00e0ng, CITY MULTI l\u00e0 gi\u1ea3i ph\u00e1p l\u00fd t\u01b0\u1edfng v\u00e0 \u0111\u00e1ng [&hellip;]\" \/>\n<meta property=\"og:url\" content=\"https:\/\/www.nhattamme.com\/?page_id=234\" \/>\n<meta property=\"og:site_name\" content=\"C\u00d4NG TY TNHH C\u01a0 \u0110I\u00ca\u0323N LA\u0323NH NH\u00c2\u0301T T\u00c2M\" \/>\n<meta property=\"article:modified_time\" content=\"2020-04-17T07:44:38+00:00\" \/>\n<meta name=\"twitter:card\" content=\"summary_large_image\" \/>\n<meta name=\"twitter:label1\" content=\"Est. reading time\" \/>\n\t<meta name=\"twitter:data1\" content=\"2 minutes\" \/>\n<script type=\"application\/ld+json\" class=\"yoast-schema-graph\">{\"@context\":\"https:\/\/schema.org\",\"@graph\":[{\"@type\":\"WebSite\",\"@id\":\"https:\/\/www.nhattamme.com\/#website\",\"url\":\"https:\/\/www.nhattamme.com\/\",\"name\":\"C\u00d4NG TY TNHH C\u01a0 \u0110I\u00ca\u0323N LA\u0323NH NH\u00c2\u0301T T\u00c2M\",\"description\":\"\",\"potentialAction\":[{\"@type\":\"SearchAction\",\"target\":{\"@type\":\"EntryPoint\",\"urlTemplate\":\"https:\/\/www.nhattamme.com\/?s={search_term_string}\"},\"query-input\":\"required name=search_term_string\"}],\"inLanguage\":\"en-US\"},{\"@type\":\"WebPage\",\"@id\":\"https:\/\/www.nhattamme.com\/?page_id=234#webpage\",\"url\":\"https:\/\/www.nhattamme.com\/?page_id=234\",\"name\":\"Mitsubishi Electric - C\u00d4NG TY TNHH C\u01a0 \u0110I\u00ca\u0323N LA\u0323NH NH\u00c2\u0301T T\u00c2M\",\"isPartOf\":{\"@id\":\"https:\/\/www.nhattamme.com\/#website\"},\"datePublished\":\"2018-12-18T15:29:17+00:00\",\"dateModified\":\"2020-04-17T07:44:38+00:00\",\"breadcrumb\":{\"@id\":\"https:\/\/www.nhattamme.com\/?page_id=234#breadcrumb\"},\"inLanguage\":\"en-US\",\"potentialAction\":[{\"@type\":\"ReadAction\",\"target\":[\"https:\/\/www.nhattamme.com\/?page_id=234\"]}]},{\"@type\":\"BreadcrumbList\",\"@id\":\"https:\/\/www.nhattamme.com\/?page_id=234#breadcrumb\",\"itemListElement\":[{\"@type\":\"ListItem\",\"position\":1,\"name\":\"Home\",\"item\":\"https:\/\/www.nhattamme.com\/\"},{\"@type\":\"ListItem\",\"position\":2,\"name\":\"Danh m\u1ee5c s\u1ea3n ph\u1ea9m\",\"item\":\"http:\/\/www.nhattamme.com\/?page_id=162\"},{\"@type\":\"ListItem\",\"position\":3,\"name\":\"Mitsubishi Electric\"}]}]}<\/script>\n<!-- \/ Yoast SEO plugin. -->","yoast_head_json":{"title":"Mitsubishi Electric - C\u00d4NG TY TNHH C\u01a0 \u0110I\u00ca\u0323N LA\u0323NH NH\u00c2\u0301T T\u00c2M","robots":{"index":"index","follow":"follow","max-snippet":"max-snippet:-1","max-image-preview":"max-image-preview:large","max-video-preview":"max-video-preview:-1"},"canonical":"https:\/\/www.nhattamme.com\/?page_id=234","og_locale":"en_US","og_type":"article","og_title":"Mitsubishi Electric - C\u00d4NG TY TNHH C\u01a0 \u0110I\u00ca\u0323N LA\u0323NH NH\u00c2\u0301T T\u00c2M","og_description":"\u0110\u01b0\u1ee3c thi\u1ebft k\u1ebf v\u00e0 s\u1ea3n xu\u1ea5t theo nh\u1eefng ti\u00eau chu\u1ea9n kh\u1eaft khe nh\u1ea5t, d\u00f2ng s\u1ea3n ph\u1ea9m CITY MULTI VRF l\u00e0 m\u1ed9t trong nh\u1eefng h\u1ec7 th\u1ed1ng \u0111i\u1ec1u h\u00f2a kh\u00f4ng kh\u00ed hi\u1ec7n \u0111\u1ea1i &amp; b\u1ec1n b\u1ec9 nh\u1ea5t hi\u1ec7n nay. L\u1eafp \u0111\u1eb7t \u0111\u01a1n gi\u1ea3n v\u00e0 b\u1ea3o d\u01b0\u1ee1ng d\u1ec5 d\u00e0ng, CITY MULTI l\u00e0 gi\u1ea3i ph\u00e1p l\u00fd t\u01b0\u1edfng v\u00e0 \u0111\u00e1ng [&hellip;]","og_url":"https:\/\/www.nhattamme.com\/?page_id=234","og_site_name":"C\u00d4NG TY TNHH C\u01a0 \u0110I\u00ca\u0323N LA\u0323NH NH\u00c2\u0301T T\u00c2M","article_modified_time":"2020-04-17T07:44:38+00:00","twitter_card":"summary_large_image","twitter_misc":{"Est. reading time":"2 minutes"},"schema":{"@context":"https:\/\/schema.org","@graph":[{"@type":"WebSite","@id":"https:\/\/www.nhattamme.com\/#website","url":"https:\/\/www.nhattamme.com\/","name":"C\u00d4NG TY TNHH C\u01a0 \u0110I\u00ca\u0323N LA\u0323NH NH\u00c2\u0301T T\u00c2M","description":"","potentialAction":[{"@type":"SearchAction","target":{"@type":"EntryPoint","urlTemplate":"https:\/\/www.nhattamme.com\/?s={search_term_string}"},"query-input":"required name=search_term_string"}],"inLanguage":"en-US"},{"@type":"WebPage","@id":"https:\/\/www.nhattamme.com\/?page_id=234#webpage","url":"https:\/\/www.nhattamme.com\/?page_id=234","name":"Mitsubishi Electric - C\u00d4NG TY TNHH C\u01a0 \u0110I\u00ca\u0323N LA\u0323NH NH\u00c2\u0301T T\u00c2M","isPartOf":{"@id":"https:\/\/www.nhattamme.com\/#website"},"datePublished":"2018-12-18T15:29:17+00:00","dateModified":"2020-04-17T07:44:38+00:00","breadcrumb":{"@id":"https:\/\/www.nhattamme.com\/?page_id=234#breadcrumb"},"inLanguage":"en-US","potentialAction":[{"@type":"ReadAction","target":["https:\/\/www.nhattamme.com\/?page_id=234"]}]},{"@type":"BreadcrumbList","@id":"https:\/\/www.nhattamme.com\/?page_id=234#breadcrumb","itemListElement":[{"@type":"ListItem","position":1,"name":"Home","item":"https:\/\/www.nhattamme.com\/"},{"@type":"ListItem","position":2,"name":"Danh m\u1ee5c s\u1ea3n ph\u1ea9m","item":"http:\/\/www.nhattamme.com\/?page_id=162"},{"@type":"ListItem","position":3,"name":"Mitsubishi Electric"}]}]}},"_links":{"self":[{"href":"https:\/\/www.nhattamme.com\/index.php?rest_route=\/wp\/v2\/pages\/234"}],"collection":[{"href":"https:\/\/www.nhattamme.com\/index.php?rest_route=\/wp\/v2\/pages"}],"about":[{"href":"https:\/\/www.nhattamme.com\/index.php?rest_route=\/wp\/v2\/types\/page"}],"author":[{"embeddable":true,"href":"https:\/\/www.nhattamme.com\/index.php?rest_route=\/wp\/v2\/users\/1"}],"replies":[{"embeddable":true,"href":"https:\/\/www.nhattamme.com\/index.php?rest_route=%2Fwp%2Fv2%2Fcomments&post=234"}],"version-history":[{"count":59,"href":"https:\/\/www.nhattamme.com\/index.php?rest_route=\/wp\/v2\/pages\/234\/revisions"}],"predecessor-version":[{"id":1605,"href":"https:\/\/www.nhattamme.com\/index.php?rest_route=\/wp\/v2\/pages\/234\/revisions\/1605"}],"up":[{"embeddable":true,"href":"https:\/\/www.nhattamme.com\/index.php?rest_route=\/wp\/v2\/pages\/162"}],"wp:attachment":[{"href":"https:\/\/www.nhattamme.com\/index.php?rest_route=%2Fwp%2Fv2%2Fmedia&parent=234"}],"curies":[{"name":"wp","href":"https:\/\/api.w.org\/{rel}","templated":true}]}}